 + 7*z**2 + z**2 + 9*z. Determine g(b).
8
Let b(j) be the first derivative of j**3/3 - j**2/2 + 5*j - 1. Give b(0).
5
Let w be (1 - -2)*(-6)/3. Let u(k) = 0*k**2 - 5*k + 6 - k**2 + 1. Let o be u(w). Let q(d) = -d - 1. Determine q(o).
-2
Let c(v) = -v**3 + 7*v**2 + 11*v - 5. Let h(y) = 5*y**3 - 35*y**2 - 56*y + 24. Let j(r) = -11*c(r) - 2*h(r). What is j(8)?
-1
Let q = 20 + -14. Let o(b) = -b**2 + 7*b + 2. Calculate o(q).
8
Let f(b) be the second derivative of b**4/12 + 2*b**3/3 - 3*b**2 - b. Let d = -10 - -4. What is f(d)?
6
Let y(v) = -2*v - 1. Let m(b) = -b**3 + 3*b**2 + 3*b. Let x = -5 - -9. Suppose q = x*q - 12. Let p be m(q). Determine y(p).
7
Suppose -f - 52 = -50. Let c(b) = 3*b**2 + 1. What is c(f)?
13
Let o(l) = -l**2 + 4*l + 1. Let k(p) = 2*p**2 - p + 3. Let d be k(-3). Suppose -s = s - d. Suppose 5*u - s = u. Determine o(u).
4
Let b(c) = 0*c**2 + c - c**2 - 5 + c**3 + 2*c**2 - 3. What is b(0)?
-8
Let g(h) = -35*h**2 - h - h**3 + 1 + 6*h + 38*h**2. Let m = 2 - -2. Calculate g(m).
5
Let a(v) = 6*v**2 - 2*v + 5. Let u(t) = 2*t**2 - t + 2. Let g(q) = 3*a(q) - 8*u(q). Let r be (-8)/(-36) + (-14)/(-18). What is g(r)?
3
Let z = 7 + -3. Suppose -4 = 4*w + z. Let l be (w/(-2))/((-5)/25). Let b(j) = j**2 + 3*j - 7. Give b(l).
3
Let p(n) = -n + 12. Let k be p(6). Let v(t) = 5*t**3 + 26*t**2 + 1. Let h(y) = 2*y**3 + 9*y**2. Let b(z) = -8*h(z) + 3*v(z). Calculate b(k).
3
Suppose r + 0*r = 4. Suppose -7*i = -5*i - 40. Let v(g) = -i*g + 23*g - 2 - 3. Calculate v(r).
7
Suppose m = -0*m - x + 1, -5*m + 2*x - 9 = 0. Let a(r) = -r**2 - r + 1. Let l(w) = 12*w**2 + 7*w - 6. Let p(d) = m*l(d) - 6*a(d). Determine p(-1).
-5
Let t(h) be the third derivative of h**5/60 - h**4/24 - 4*h**2. Let b be t(-2). Let s(r) = r**3 - 5*r**2 - 6*r - 3. Calculate s(b).
-3
Let q(k) = -k**3 + 6*k**2 + k - 6. Let y be q(6). Let s(d) = -d - 1. Determine s(y).
-1
Suppose 4*u + 18 = 4*y - 14, -u - 3*y + 8 = 0. Let k(m) = 2*m**2 + 3*m + 1. Calculate k(u).
21
Let a(t) = 6*t - 5. Let b(c) = -5*c + 4. Let n(w) = -4*a(w) - 5*b(w). Let i = 11 - 16. Determine n(i).
-5
Suppose 0*x - 2*x = 2*a - 12, 5*x = 10. Let j(y) = a*y + 15 - 2*y - 10. Suppose -3*i - 4 = -2*i. What is j(i)?
-3
Let b(y) = -5 + 5 + y - 2*y + 1. Give b(5).
-4
Let u(h) = -h**2 - 3*h - 3. Let o(w) = -w + 1. Let q be o(3). Determine u(q).
-1
Let x(q) = q**3 + 5*q**2 - 7*q. Let a(y) = -y - 11. Let p be a(-5). Let u be x(p). Let l = -9 + u. Let c(m) = -m**3 - 3*m**2 - m - 3. What is c(l)?
0
Let y(o) = -6*o. Let r(s) = s. Let i(w) = 12*r(w) + y(w). Suppose 0 = -0*f + 2*f + 2. What is i(f)?
-6
Let b(q) be the third derivative of q**6/360 + q**5/24 - q**3/3 + 5*q**2. Let z(y) be the first derivative of b(y). Suppose 0 = s + 6. What is z(s)?
6
Suppose 0 = -r - 4*q - 1, 3*r - 2*r + 1 = 2*q. Let u be (1/2)/((-1)/4). Let p be u/(-8)*(-4)/r. Let a(z) = -2*z + 1. Calculate a(p).
-1
Let o(j) = 9*j + 1. Let r = -10 + 9. What is o(r)?
-8
Let z(t) = 2*t + 5. Suppose 0 = 3*k, u + 2*k = 4*u - 12. Calculate z(u).
13
Let s = 23 + -19. Let d(i) be the first derivative of s - 1/2*i**4 + 2/3*i**3 + i**2 - 2*i. Determine d(2).
-6
Let g(p) = -p. Let d(b) = -2*b - 2. Let i(j) = -j**2 + 7*j - 9. Let l be i(6). Let q(v) = l*g(v) + d(v). Calculate q(0).
-2
Suppose -49*k + 46*k = 27. Let p(m) = -m**2 - 8*m - 4. Give p(k).
-13
Let n(y) = -y**2 - 4*y + 9. Let q(b) = 2*b**2 + 7*b - 18. Let a(m) = -5*n(m) - 3*q(m). Let j(f) = -f - 3. Let v be j(-3). What is a(v)?
9
Let i(r) = -4*r**2 + r - 2. Let k be i(0). Let a(o) = o**2 - o. What is a(k)?
6
Suppose 3*y - 9 = -u - 4, -2*y + 5*u + 26 = 0. Let q(z) = z**2 - y*z**2 - 3*z - 2*z**2 + 3 - z**3. What is q(-3)?
3
Let r(q) = -q + 6. Let m(d) = d - 7. Let v(g) = -6*m(g) - 7*r(g). Give v(-6).
-6
Let p(d) = d**3 + 3*d**2 - 2*d + 5. Let b be -1*((-18)/3)/3. Suppose 2*z - 6 = 3*z. Let r = b + z. Determine p(r).
-3
Suppose -4*t + 18 = 6. Let d(k) = -t + k**2 - 271*k - 2*k**2 + 6 + 267*k. Give d(-5).
-2
Let w be 1/(-6) + (-5)/(-30). Let g(b) be the third derivative of -1/6*b**3 + 0 - 2*b**2 + 5/24*b**4 + w*b. Calculate g(-1).
-6
Let y(j) be the third derivative of j**7/840 - j**6/360 + j**5/60 - j**4/8 - j**3/2 + 2*j**2. Let x(d) be the first derivative of y(d). Calculate x(2).
5
Let m(c) = -3*c**2 + 2*c + 2. Let u(a) = -a**3 + 7*a**2 - 5*a - 4. Let r be u(6). Let g(i) = 2*i + 2. Let s be g(2). Let p be (r/4)/(s/24). What is m(p)?
-6
Let p(s) = s**3 - s**2 - 7*s - 4. Let b(k) = k**3 - k**2 - 6*k - 4. Let j(m) = 5*b(m) - 4*p(m). Suppose 2*d - 3*i = 21, -5*i - 7 = -4*d + 30. Calculate j(d).
8
Let b(m) be the third derivative of m**6/120 + m**5/10 + m**4/12 + m**3/2 - 25*m**2. Give b(-5).
18
Let y(o) = o**2 + 9*o + 3. Let c be y(-9). Let m(g) = g + 3. What is m(c)?
6
Let m(n) = 5*n - 4. Let g(j) = j + 1. Let r(u) = 4*g(u) - m(u). Determine r(8).
0
Suppose 3*n = 13 - 4. Let m = 6 + -3. Let w(o) = 0 + o**m + 2 - 6 - 3*o - 2*o**n + 6*o**2. Give w(5).
6
Let i(d) be the first derivative of -d**4/4 - d**3 + 2*d**2 - 2*d - 1. Let g = -6 + -4. Let a = g + 6. Calculate i(a).
-2
Let x = 95 - 95. Let u(d) = -d**3 + 0*d + d**2 + 0*d. What is u(x)?
0
Let p(x) = -10 + 11*x + x**2 + 0 + 4. What is p(-11)?
-6
Let f = -20 + 29. Suppose -2*v = -5*v - f. Let m = v - -7. Let t(y) = y - 3. Calculate t(m).
1
Let d(a) = a**2 - 17*a + 5. Let m(t) = -t**2 + 18*t - 4. Let j(n) = 6*d(n) + 5*m(n). Give j(11).
-1
Let k(y) = 28 - 8*y - 10*y - 27. What is k(1)?
-17
Let r(g) = 7*g - 57. Let y be r(8). Let w(f) = f + 1. Calculate w(y).
0
Let k(r) = r**3 + 11*r**2 - r - 7. Let a be 1/2 - (-69)/(-6). Let z be k(a). Let t(d) = 2*d**2 - 5*d - 3. What is t(z)?
9
Let g(y) = 11*y**2 - y + 14. Let t(b) = 7*b**2 - b + 9. Let m(k) = -5*g(k) + 8*t(k). Calculate m(2).
0
Let w(d) = d + 1. Let l be (-34)/(-4) + (6 - (-39)/(-6)). What is w(l)?
9
Let b(o) be the first derivative of -2*o**2 + 3*o + 5. Let a(w) = 3*w**2. Let i be a(-1). Determine b(i).
-9
Let v(a) = a**2 - 5*a + 2. Let q be v(3). Let t be (-2)/11 - q/22. Let m(l) = -l**2 + 4. Calculate m(t).
4
Let x(l) = -4*l + 1. Suppose 3*p = 6*p. Suppose -4*f - 3*j = p, 3*f - 4*j = -2*j. Let a be (f + 1/(-2))*2. Give x(a).
5
Let m(z) be the first derivative of 7*z + 1/2*z**2 + 5. Give m(0).
7
Let z(d) = 4*d**2 + 3*d + 3. Let g(v) = v**2. Let r(y) = 5*g(y) - z(y). Let o be r(4). Let f(w) = -w**2 + 2*w**3 - 2 - 4*w + 1 + 6*w - w**3. Calculate f(o).
1
Let h = 36 + -26. Let m = -6 + h. Let r(d) = -d**3 + 4*d**2. Calculate r(m).
0
Let n(z) = z**3 + 2*z**2 + z - 2. Let a = -4 - -22. Let x be (a/(-12))/(6/8). Determine n(x).
-4
Let v(i) be the second derivative of -i**3 + i**2/2 - 6*i. Determine v(-1).
7
Let x(j) = -j - 1. Let k be 6*(-1)/6*-3. Let v(s) = -s**2 + 4*s + 1. Let z(g) = k*x(g) + v(g). Let i(h) = h**2 + 2*h + 3. Let y be i(-2). Determine z(y).
-8
Let g(m) be the second derivative of m**5/20 + m**4/6 + m**3/3 - m**2/2 + m. Let k(j) be the first derivative of g(j). Let n be 1/4 + (-45)/20. Give k(n).
6
Let g(p) = p**3 + 3*p**2 + 5. Suppose 2*k - 4*w + 8 = 0, -6*k + 5*w = -k. Let o be k/10*10/(-1). Calculate g(o).
-11
Suppose -8*m + 18 = -10*m. Let h(w) = 2*w + 12. Give h(m).
-6
Let r(n) = n + 5*n + n**2 - 28 + 9 + 18. Suppose -2*d = 2*y + 4, -d - 9 = 2*y - 2. Give r(y).
-6
Let p(g) be the third derivative of -g**4/8 - g**3 - 5*g**2. Determine p(-4).
6
Suppose 2 = l + 1. Let f be 1 - -3 - 1/l. Let w(r) = -4*r - 2 + 1 - r**3 + 0*r**3 + 5*r**2. Determine w(f).
5
Let r(j) = -3*j**2 + 2. Suppose 360 = 12*i - 7*i. Let v be (-4)/6 - i/(-27). Give r(v).
-10
Suppose -1 = -w - 0*w. Suppose -3*x - 4*k = 26, -w + 9 = -4*k. Let n(q) = -q**3 - 7*q**2 - 5*q - 2. Give n(x).
-8
Let f be (6 + -6)*2/(-4). Let c(g) = -g**2 + g - 6. Give c(f).
-6
Suppose -c - 2 = -1. Suppose 0 = 3*s + 3 - 12. Let h(y) = -1 - 7*y + 2*y - s*y. Determine h(c).
7
Let a(m) = -43 + 80 + m + m**3 + m**2 - 44. Determine a(0).
-7
Let z(v) = 5*v**3 + 7*v**2 + 5*v + 3. Let b(a) = 6*a**3 + 8*a**2 + 6*a + 3. Let c(q) = 6*b(q) - 7*z(q). Calculate c(0).
-3
Let w(k) = k**2 + 2*k + 5. Let j(o) = o**2 + 2*o - 4. Let b be j(0). Give w(b).
13
Let n(y) = -y**2 - 11*y - 14. Let t = 5 - 15. Let o be n(t). Let q(p) = p**3 + 5*p**2 + 5*p + 3. Calculate q(o).
-1
Let j(f) = f**2 + 0*f**2 - 8*f - 2 - 6 - f. Give j(8).
-16
Let n(w) = -2*w - 4*w + 5*w. Calculate n(-3).
3
Supp